me factors of 1 - (-2)/2*s?
3
Let m = 0 - 0. Let q = -18 - -22. Let i = m + q. List the prime factors of i.
2
List the prime factors of (3 - 1)*(-67)/(-2).
67
Let i(m) = -m - 4. Let s be i(-6). Suppose 0 = u + s*u + 27. List the prime factors of u/(-5) - 1/(-5).
2
Let r(k) = 3*k**2 + 1. Let l be r(2). Let v = -28 + l. List the prime factors of (-100)/v + 2/(-3).
2, 3
Suppose -5*x + 1404 = -4*i, -14 - 2 = -4*i. List the prime factors of x.
2, 71
Suppose 14 - 2 = 4*u. Suppose 3*f - 40 = -2*c - 2*f, u*c = 3*f + 81. List the prime factors of c.
5
Let c(p) = 3*p - 1. Suppose -4*o = h - 3*o, 0 = 2*o + 2. What are the prime factors of c(h)?
2
Let q(v) = -v**2 - 12*v + 10. What are the prime factors of q(-12)?
2, 5
Let p = 11 + 14. What are the prime factors of p?
5
Let h = -250 - -415. What are the prime factors of h?
3, 5, 11
Suppose -y + 24 = -4*j, -5*y - 5*j + 15 + 130 = 0. Suppose -2*z - y - 32 = -4*p, 0 = 2*z - 8. What are the prime factors of p?
17
Let x = 1 + 4. Let j = x - 3. List the prime factors of (j/(-3))/(1/(-9)).
2, 3
Let s = 30 - -91. List the prime factors of s.
11
Let h be (-2)/(-3*(-6)/(-423)). Suppose 3*c - 79 = 5*m, m = 4*c - h - 30. What are the prime factors of c?
2, 3
Suppose 2*r + 2*r = 64. List the prime factors of (0 + 3)*r/6.
2
Suppose f = -3*z - 4*f + 162, -3*z + 3*f = -162. What are the prime factors of z?
2, 3
Suppose 5*k = k + 68. What are the prime factors of k?
17
Let a(u) = -2*u - 9. Let t be a(-7). Suppose t*r - 10 = 3*v - 4*v, 0 = 4*r - 2*v - 8. Let b = r - -17. List the prime factors of b.
19
Let p(w) = -w**3 + 8*w**2 - 9*w - 3. List the prime factors of p(5).
3
Suppose 3*b = 4*k - 0*k - 3, -2*k = 2*b - 12. Suppose k*f - 48 = -15. List the prime factors of f.
11
Let x be 3 + 10 + 1/(-1). Let l(r) = -r**3 + 13*r**2 - 12*r + 12. What are the prime factors of l(x)?
2, 3
Suppose -4 = -h + 1. Suppose -h*w - p = -12, p + 24 = 3*w - 4*p. List the prime factors of w.
3
Let l = -16 + 42. Let h(u) = -u**2 - 11*u - 8. Let r be h(-10). Suppose -20 = 4*s, 5*y - l - 24 = -r*s. List the prime factors of y.
2, 3
Let j(w) = -7*w - 1. What are the prime factors of j(-4)?
3
Let r(h) be the second derivative of -h**4/12 - 11*h**3/6 - 3*h**2 + h. Let c(n) = n**3 - 5*n**2 - 8*n + 3. Let p be c(6). List the prime factors of r(p).
2, 3
Let g(s) = 22*s**3 + 2*s - 1. Let d be 3 + (6/(-2) - 8). Let i = -7 - d. List the prime factors of g(i).
23
Let c(m) be the second derivative of 7*m**4/12 - m**3/6 - 2*m. Let x be c(1). Suppose 0 = 2*k + 4*p + p - x, k - 10 = p. List the prime factors of k.
2
Let f(k) = -k**2 + 4*k - 4. Let t be f(3). Let h = 6 + t. List the prime factors of h.
5
Let i(n) = -n**3 - 4*n**2 - 4*n. Let l be i(-3). Let y be -3*(-3 - -2) - -26. Suppose -l*a - y = -5*c, 0 = -a + 3*a - 4. What are the prime factors of c?
7
Let n = 235 - 150. List the prime factors of n.
5, 17
Let l(c) = c**2 + c - 2. Let w be l(2). Suppose -5*i + w*i + 11 = 0. What are the prime factors of i?
11
Let g(b) be the second derivative of -5/12*b**4 - 1/20*b**5 + 5/2*b**2 + b + 0 - 1/6*b**3. What are the prime factors of g(-5)?
2, 5
Let p be (-3)/2 + 99/6. Let n(s) = -s**2 + 6*s - 5. Let h be n(4). Suppose j - p = h. List the prime factors of j.
2, 3
Suppose 21 = 2*n + i, -7*n + 6*n - 3*i = -18. Suppose 3*x = p + 2*p + n, -3*p = 2*x - 11. What are the prime factors of 3/3*p*4?
2
Let a = 20 - -14. Let t = a - 19. List the prime factors of t.
3, 5
Let v(z) = -z**2 + 5*z + 1. Let k be v(4). Suppose -2*b + k*b + 6 = 0. Let w(g) = 5*g**2 + 3*g + 2. List the prime factors of w(b).
2
Let a = 20 - 59. Let s = a + 67. List the prime factors of s.
2, 7
Let t = 27 + -18. List the prime factors of t.
3
Let j = 29 + -16. Let o = 21 - j. Suppose o = 2*c - 10. List the prime factors of c.
3
Let t(p) = -p - 11. Let r be t(-9). List the prime factors of (r - (-3)/3)*-33.
3, 11
Let i = -48 + 28. What are the prime factors of (-15)/i - (-170)/8?
2, 11
Suppose 0*m - 4*m = -24. Let n be 5*-1*(5 - m). Suppose 3*b = 2*o - 7*o + 26, 3*o + n*b - 22 = 0. What are the prime factors of o?
2
Let g be (-1)/(((-15)/6)/5). Suppose -g*d = -3*d + 3. Suppose 3*m - 2*p = 12, 6*p = -3*m + d*p + 12. List the prime factors of m.
2
Let c = -6 + 12. List the prime factors of ((-16)/(-10))/(c/30).
2
Suppose -2*r = -4*r. Suppose r = -5*g - 59 - 26. Let v = g - -34. List the prime factors of v.
17
Let i = -13 - -52. What are the prime factors of i?
3, 13
Suppose 5*g = 34 + 16. What are the prime factors of g?
2, 5
Suppose 0 = 3*x - 2*x - 3. Suppose x*w = 19 - 1. List the prime factors of w.
2, 3
Let w(t) = -t**2 + 2*t + 5. Let j(r) = 2*r**2 - 4*r - 10. Let d(c) = -6*j(c) - 13*w(c). What are the prime factors of d(-3)?
2, 5
List the prime factors of 4/((-32)/(-196))*2.
7
Let u(b) = -b**2 - 7*b + 7. Let l(n) = -5*n**2 - 34*n + 34. Let v(y) = -2*l(y) + 11*u(y). What are the prime factors of v(-7)?
23
Suppose -4 = -2*r, 2 - 8 = -3*t - 3*r. Suppose t*k = -4*k + 56. What are the prime factors of k?
2, 7
Let o be 3 + -1 - (3 + 6). Let y(u) = u**2 + u + 4. What are the prime factors of y(o)?
2, 23
Let u(z) = z**3 - z**2 + 2. Let b be (-2)/(6/(-3)) - -1. Let f be u(b). List the prime factors of 4/f*(-78)/(-4).
13
Let t(l) = -l**3 + 6*l**2 + l**2 + 2*l**3 - 2*l**3 + 3 - 3*l. What are the prime factors of t(6)?
3, 7
Let q(o) = -3*o - 9. Let h be q(-4). Suppose -2*t + 16 = -2*p, 5*p = 17 + h. What are the prime factors of t?
2, 3
Let s = 84 + 7. Let q = s - 47. Suppose 0 = 5*n - n - q. What are the prime factors of n?
11
Let s(p) = 11*p + 3 + 7 - 8. What are the prime factors of s(2)?
2, 3
Let q(p) = 3*p**2 + 2. Let f be q(2). Let g be 276/14 - (-4)/f. Suppose -2*o = -0*o - g. List the prime factors of o.
2, 5
Let k(z) be the third derivative of z**4/24 + 7*z**3/6 - 3*z**2. List the prime factors of k(0).
7
Suppose -2*k + 64 = -k. List the prime factors of k.
2
What are the prime factors of 1/(3235/1615 + -2)?
17, 19
Let h(a) = a**2 - 6*a. Let y be h(5). Let s = y + 7. Suppose -3*p - 5*w - 10 = 0, -s*p = 2*p - 3*w - 35. What are the prime factors of p?
5
Suppose -2*n + 5 - 1 = 0. Suppose 0*j = 3*j - 36. List the prime factors of j + -1*(n + -1).
11
What are the prime factors of (-1 - -21) + -1 + 2?
3, 7
Suppose -46 = -4*g + 2*g. Let k = g + -9. What are the prime factors of k?
2, 7
Let k = -13 + 22. What are the prime factors of k?
3
What are the prime factors of ((-946)/33)/(2/(-3))?
43
Let d be (4/6)/((-6)/18). What are the prime factors of 36 - (-2)/(0 - d)?
37
Let r(b) = -2*b - 9. Let m be r(-6). Let l(w) = 78*w + 3. Let h be l(m). List the prime factors of h/18 - (-1)/(-6).
13
What are the prime factors of (1/3)/(34/31110)?
5, 61
Suppose -50 + 13 = -n. List the prime factors of n.
37
Let c = 12 - 7. Suppose -4*h = -3*x - 23, -c*h - 3*x - 9 = -2*h. Suppose 6*f - h*f = 16. List the prime factors of f.
2
Suppose 0 = -2*g + 3*g, 32 = 4*b - 5*g. List the prime factors of b.
2
What are the prime factors of 6/21 + 1000/28?
2, 3
Suppose 29 = 2*s + q, 2*s - 5*q = -2*s + 93. Let a = s - 8. List the prime factors of a.
3
Suppose 4*o - 30 - 118 = 0. Let b = o + -22. List the prime factors of b.
3, 5
Let h(o) = -2*o**3 - o**2 + 2*o. Let v(g) = -g + 5. Let k be v(0). Suppose k*m - 3*m = 4*l + 10, 3*m + 3 = -3*l. What are the prime factors of h(l)?
2
Let w(a) = -a**3 - 5*a**2 + 6*a + 6. Let m = -14 + 10. Let x be w(m). Let q = 48 + x. List the prime factors of q.
2, 7
Suppose 31 - 23 = 4*o. What are the prime factors of o?
2
Suppose 0*z - 2*z = -8. Suppose -5*f = y - 25, 4*y + f - 25 = -z*f. Suppose y = 3*c - c - 14. What are the prime factors of c?
7
Suppose 0 = g + 4*g - 15. Suppose g*v = 4 - 19. Let p = v + 11. List the prime factors of p.
2, 3
Let t(j) = j**3 - 11*j**2 + 15*j - 15. What are the prime factors of t(10)?
5, 7
Let b(h) = 2*h - 1. List the prime factors of b(22).
43
What are the prime factors of (64/12)/((-2)/(-24))?
2
Let h(v) = 2*v**2 + 2*v + 1. Let y(u) = 3*u**2 + 3*u + 3. Let t(s) = 7*h(s) - 4*y(s). Suppose 3*a = -16 + 4. List the prime factors of t(a).
19
Let p(g) = -g - 7. Let i be p(-8). Suppose i + 2 = 3*a. List the prime factors of (a + 21/(-4))*-4.
17
Let r be 1/((-4)/(-16)*2). Let f = 44 + r. What are the prime factors of f?
2, 23
Suppose -4*b + 32 = 2*c + 10, -2*b + 2 = -2*c. Let y be